y(f). Calculate the greatest common factor of 12 and d.
4
Suppose -10 + 2 = -2*t. Let m = 11 - 4. Suppose 9*g = m*g + 40. What is the highest common factor of g and t?
4
Suppose 2289 = 4*j + 5*a, -3*j + 297 = -3*a - 1440. What is the highest common factor of j and 64?
64
Suppose 0 = -32*u + 28*u + 4. Let c(w) = 9*w. Let i be c(u). What is the greatest common factor of 63 and i?
9
Let n = -721 - -861. Calculate the greatest common factor of n and 224.
28
Let a = -322 - -325. Calculate the greatest common factor of 357 and a.
3
Let z be 64 - 6*(-8)/(-12). Suppose 0 = 15*i - 19*i + z. Suppose 5 = 6*a - 5*a. What is the greatest common divisor of i and a?
5
Let a = -14 - -24. Suppose -13*m + 120 = -a*m. Calculate the greatest common factor of m and 8.
8
Let w be 4/16*-1*0. Suppose -5*y - 14*y + 1463 = w. What is the highest common divisor of 33 and y?
11
Let f = 135 - 47. What is the greatest common divisor of 8 and f?
8
Let w be 2/(-2) - -1676*(-9)/(-36). Calculate the greatest common factor of 114 and w.
38
Let a = -91 - 42. Let p = a - -237. What is the greatest common divisor of 13 and p?
13
Let z be (23/(-4) + 5)*-2*2. Suppose 0 = 2*t + 4*w - 162 - 46, z*t - 4*w = 312. Suppose 0*b + 65 = 5*b. What is the greatest common divisor of t and b?
13
Let o = 14 + -11. Let t be 2/(-2) - (-5 - 0). Suppose o*r - 5*b = 23, -4*r - t = b - 27. What is the greatest common factor of 6 and r?
6
Let v(s) = 8*s**3 + 2*s**2 + 3*s - 1. Let a be v(-4). Let l be (-4)/(-10) + a/(-5). Suppose 2*j - 14 = 8. What is the highest common divisor of l and j?
11
Suppose 0 = 2*a - 5*z - 25, 14*a - 3*z - 23 = 12*a. What is the highest common factor of 410 and a?
10
Suppose -3*f = -15*f + 132. Calculate the highest common divisor of f and 1375.
11
Suppose 23*a - 27*a = 5*z - 170, -5 = -a. Let l(x) = -x**2 + 4. Let i be l(0). Suppose -i*f = -1129 - 191. What is the highest common factor of f and z?
30
Let l = 319 + -306. Calculate the greatest common divisor of 2327 and l.
13
Suppose 6*g - g + 54 = 2*c, 5*g - 42 = -c. Let f = 77 - c. Calculate the greatest common factor of f and 30.
15
Let b be -4*(-9)/12 - -288. Suppose 2*o - 105 = b. Suppose 5*y - 2*z = 88, 0*y + 2*y - 37 = -z. What is the greatest common factor of y and o?
18
Let q(n) = 3*n + 7. Let u be q(-4). Let o(j) = j**2 + 3*j - 4. Let m be o(u). Let w = 32 - m. What is the highest common divisor of 208 and w?
26
Let b be (-100)/15*(-84)/8. Calculate the highest common divisor of 175 and b.
35
Let x = -14 + 22. Let z(m) = m**3 + 10*m**2 - m - 12. Let p be z(-4). Calculate the highest common factor of p and x.
8
Let f = 1129 + -1078. Calculate the greatest common divisor of 459 and f.
51
Let k be (133 + -1)*(-54)/(-72). Suppose 5*y - k = -2*a, -2*a + 6 = -4*a. What is the highest common divisor of y and 189?
21
Suppose 12*k + 178 = 166. Let s(h) = h**3 - 7*h**2 + 6*h. Let g be s(6). Let d be 4 + (g/4)/k. Calculate the greatest common divisor of 44 and d.
4
Let k(b) = -b**3 - 5*b**2 + 5*b + 7. Let l be k(-5). Let v be (-238)/l + (-4)/18. Let m be 2*(-4 + 2) + 56. What is the highest common factor of m and v?
13
Suppose 0 = -4*y + 629 + 1387. What is the highest common factor of 56 and y?
56
Let t = -187 + 202. Calculate the greatest common factor of 435 and t.
15
Suppose z = -4*n + 8, 5*z + 5*n + 2 = -3. Let s = z + 12. What is the greatest common factor of 8 and s?
8
Let r(a) = a**3 - 13*a**2 + 28*a - 5. Let t be r(2). Calculate the highest common divisor of t and 812.
7
Suppose -2*f - z - 9 = 0, -f - 15 = 4*z - 0*z. Let n be (-2)/f - 736/(-48). Calculate the highest common factor of 16 and n.
16
Let d(s) = 339*s**2 - 2*s - 10. Let r be d(-2). Calculate the highest common divisor of r and 54.
54
Suppose 0 = 4*g - 3*g - 2. Let x be (-9 - -10)*g*7. Let j be x/(-63) - 220/(-18). What is the highest common factor of j and 8?
4
Suppose b - 45 = 5. Let i = -36 - -38. Let c be (i/(-6) + -3)/((-2)/6). What is the highest common factor of b and c?
10
Let u(n) = n**2 + 12*n + 8. Let y be u(-11). Let s be 25 - (1 - y - 5). Let t(k) = 18*k + 10. Let r be t(11). What is the greatest common divisor of r and s?
26
Suppose -3*m + 4*m = 151. Let z = m - 133. Calculate the greatest common factor of z and 306.
18
Suppose -5*x = -15*x + 640. What is the greatest common factor of 80 and x?
16
Suppose y - 18 = -51*s + 46*s, 4*s - 32 = -3*y. Suppose -5*r + 49 = o, -r = r - 10. Calculate the highest common divisor of y and o.
8
Suppose -w - 103 = -q, 0 = 3*q - 37*w + 36*w - 307. What is the greatest common factor of q and 6?
6
Suppose 2*t = -2*t + 48. Let q(w) = -4*w**2 - w**3 - 14 + 32*w**2 - w**2 + 32*w - 2. Let b be q(28). Calculate the highest common factor of t and b.
12
Let s(t) = -2*t - 4. Let r be s(-6). Let b = -10 - r. Let w = b + 33. What is the highest common factor of 15 and w?
15
Let p be 2/16 + 17550/400. Let l(v) = 6*v**2 + v - 1. Let s be l(-1). What is the greatest common factor of p and s?
4
Suppose -10*h - 96 + 1086 = 0. What is the highest common factor of h and 792?
99
Let k = 48 - 28. Let i(c) = 31*c**3 - 5*c**2 + 7*c - 3. Let b be i(1). Calculate the highest common factor of k and b.
10
Let u = 108 + -100. Let q(b) = b + 12. Let a be q(-10). Suppose 0 = 2*x - 3*x + a. Calculate the greatest common factor of u and x.
2
Let y be (77/(-14))/(2/(-12)). Let n = y + -22. Suppose 0 = -4*g + 82 + 50. Calculate the greatest common factor of n and g.
11
Suppose 2*t - 19 = 4*b + 9, 0 = -4*t - 4*b + 104. Let z = 35 + t. Calculate the greatest common factor of z and 38.
19
Suppose -34*a = -37*a + 108. What is the highest common factor of a and 4?
4
Suppose -3*v + 3*w + 11 + 22 = 0, -4*v + 2*w = -34. Calculate the highest common divisor of 30 and v.
6
Let d(z) = 9*z + 78. Let l be d(-7). Suppose 0 = -0*i + 4*i. Suppose 5*r - 519 = 3*a, 4*r = -i*r - 4*a + 428. What is the greatest common factor of r and l?
15
Let f = 35 - 33. Let w = 205 + 245. Suppose -f*u - w = -7*u. What is the greatest common divisor of 36 and u?
18
Let x be (26 + (-3)/(-3))*308/21. What is the greatest common factor of 44 and x?
44
Suppose -2*n + 52 = 4*z, -4*n + 7*z - 2*z = -130. Suppose 0 = 7*u - 1769 - 541. Calculate the highest common divisor of u and n.
30
Suppose 355 - 11234 = -11*i. What is the highest common divisor of 23 and i?
23
Suppose 0 = -5*s + 11*s - 1368. What is the highest common divisor of 304 and s?
76
Suppose -5*y + 16 = 2*k, -4*y = -5*k + 15 + 91. Let i be -2 + (-4 - -7 - -89). What is the highest common factor of i and k?
18
Let c = 100 + -7. What is the highest common divisor of 155 and c?
31
Suppose 2*g - 2*k = 411 + 107, -4*k + 518 = 2*g. Calculate the highest common divisor of 7 and g.
7
Suppose -4*d - 11237 = -5*h, 3*d + 6741 = -9*h + 12*h. What is the highest common divisor of 173 and h?
173
Suppose 2*m + 17 = 45. Suppose m = 5*q - 46. Let b = 64 + -28. Calculate the greatest common divisor of b and q.
12
Let r = 9 + 5. Let b be (r/(-42))/(1/(-12)). What is the highest common divisor of b and 6?
2
Let k = 35 - -20. Let n = 61 - 39. What is the greatest common divisor of n and k?
11
Suppose -f = -5*f + 12. Suppose 4*j = 13 + f. Suppose 0*x = 2*x + j*h - 72, 4*h + 124 = 5*x. Calculate the greatest common divisor of x and 42.
14
Let j = 29 + -9. Let w(m) = 3*m - m + 14*m + j + m**2. Let v be w(-20). Calculate the highest common factor of 10 and v.
10
Let v be 33/3 - (-2)/2. Let x(w) = w + 7. Let i be x(-4). Let g be 2/i*9*1. Calculate the highest common divisor of v and g.
6
Let j = 47 - -21. What is the greatest common factor of j and 238?
34
Let y = 25 + -28. Let n be (y/(-6))/((-3)/(-24)). Let i be (n/12)/((-3)/(-468)). What is the greatest common factor of 130 and i?
26
Let c(t) = 3*t**2 + 128*t + 41. Let d be c(-43). Let q be 55 - (0 + (0 - 1)). What is the greatest common divisor of q and d?
28
Let f be (1/1)/((-10)/40). Let o(s) = 2*s**2 + s - 7. Let w be o(f). Calculate the highest common divisor of w and 7.
7
Suppose 0 = -3*w - 1 + 28. Calculate the highest common divisor of w and 1044.
9
Let t = 4 - -2. Let z = -36 + 61. Suppose -m = m + 5*i - 33, 0 = -5*i + z. Calculate the greatest common divisor of m and t.
2
Let n(w) = w**3 + 38*w**2 - 39*w + 95. Let z be n(-39). Calculate the highest common divisor of 38 and z.
19
Let